1) + 4. Let t(u) = -u + 0*u - 5*u + c*u**2 - 5. List the prime factors of t(5).
3, 5
Let v(m) = -m**2 + m - 7. Let b be v(5). Let h = b + 32. Suppose -h*f = -5*j + 10, -3*j + 15 = -0*j. What are the prime factors of f?
3
What are the prime factors of 3/(-5) + (-37394)/(-490)*21?
2, 3, 89
Let v be ((-6650)/(-55))/5 + (-6)/33. Suppose -v*a = -28*a + 768. List the prime factors of a.
2, 3
Let w(b) = 124*b + 4. Let c be w(1). Suppose 5*i + 28 - c = 0. What are the prime factors of i?
2, 5
Suppose r + 190 = 3*r + 5*l, -l = 3*r - 311. What are the prime factors of r?
3, 5, 7
Let c(f) = -f**3 - 2*f**2 + 3*f + 33. List the prime factors of c(-8).
3, 131
Let t(s) = s**2 - 7*s + 2. Let b be t(7). Let x(n) = 3*n + 3*n**2 + 12*n**b + n - 1 - 4*n**2. What are the prime factors of x(2)?
3, 17
Let g(n) = n**3 - 12*n**2 - 8*n - 16. Let r be g(14). Suppose -r = -7*k + k. What are the prime factors of k?
2, 11
Let h(t) = t**3 + 5*t**2 - 7*t + 2. Let j be (-1)/((-55)/30 + 2). What are the prime factors of h(j)?
2
Let j = -623 + 4308. List the prime factors of j.
5, 11, 67
Suppose n = -1, -23*v + 20*v - 3*n + 300 = 0. List the prime factors of v.
101
Suppose 2861 = 2*j + 3*n + 575, j = -3*n + 1137. List the prime factors of j.
3, 383
Let t be -2*(-5)/10*-1. What are the prime factors of -92*t/2 + 2?
2, 3
Let z(q) = -q**2 - 5*q - 4. Let w be z(-3). Suppose 0*t - 3*t = -4*i - 3, -4*i = -4*t + 4. Suppose -k + 2 = i, -x = w*k - 15 - 29. List the prime factors of x.
2, 5
Let t(p) = 20*p**2 + 4*p + 8. Let j(y) = -4*y - 34. Let s be j(-8). What are the prime factors of t(s)?
2, 5
Suppose -a + 66 = 2*a. Let l(g) = -3*g. Let c be l(2). Let k = a + c. What are the prime factors of k?
2
Let t = 18 + -18. Let q = 5 + t. List the prime factors of ((-12)/q)/(3/(-10)).
2
Suppose -2*b + 9 = -o - 0*o, 0 = o - 5*b + 9. List the prime factors of 1/((-3)/8)*o/4.
2, 3
Suppose 4*x - 234 - 354 = 0. What are the prime factors of x?
3, 7
Suppose 3*h - 382 = -2*a, -4*h + 3*h - a = -128. Let g = -114 + h. What are the prime factors of g?
2, 3
Let s(k) = k**2 - 9. Let g be s(6). Suppose -32*w + g*w = -190. List the prime factors of w.
2, 19
Let h(r) = -r**2 + 4*r + 7. Let o be h(5). Suppose -u = o - 6. Let y(m) = 2*m**2 - 5*m - 2. List the prime factors of y(u).
2, 5
Let d(p) = -p**2 + p + 1. Let x(t) = -9*t**2 + 6*t + 5. Let h(a) = -6*d(a) + x(a). Let f be h(1). Let v = f - -21. List the prime factors of v.
17
Let g = -40 + 23. Let k = g + 21. List the prime factors of k.
2
Suppose 2*i + 4*n = -2*i - 32, 0 = -5*i + 4*n - 49. What are the prime factors of -4 - 6/i*138?
2, 11
Let a(m) = 17*m + 17. Let z be a(5). Let f = z + -31. What are the prime factors of f?
71
Let w(d) = 20*d**2 + 12*d + 16. What are the prime factors of w(-14)?
2, 3, 157
Let p = -10 - -15. Let h(c) = 9*c - p*c - 6*c - 11. List the prime factors of h(-17).
23
Suppose -12*u = -24 + 72. List the prime factors of (9 - -94 - (-1 - 1)) + u.
101
Suppose -4*b - 110 = 162. Let l = -13 - b. Suppose 5*n = 3*j - l, 3*j = -j + 5*n + 80. What are the prime factors of j?
5
Let o = 42 + -37. Let j(s) = -s**3 + 4*s**2 + 2*s - 3. Let i be j(4). Suppose -4*k = o*y - 44, -3*y - i*k + 32 - 3 = 0. What are the prime factors of y?
2
Suppose -k - 8 = -2*k. Let u be 1*3 + k + -9. What are the prime factors of 1/(4/128*u)?
2
List the prime factors of 289*39/3 - -3.
2, 5, 47
Let z(j) = -44*j**3 + 2*j**2 - 1. Let s(w) be the first derivative of w**2 + 3*w + 6. Let g be s(-2). What are the prime factors of z(g)?
3, 5
Suppose 4*q + 5*n = 635, 5*q + 3*n = n + 798. List the prime factors of q.
2, 5
Let l(v) = -v**3 + 7*v**2 - 5*v - 1. Let y be 128/20 - (-6)/(-15). Let x be l(y). Suppose -4*o + x*o - 50 = 0. List the prime factors of o.
2, 5
List the prime factors of (2 + (-9 - -6))*-1261.
13, 97
Let z(f) = 6*f + 2114. Let c be z(0). Suppose -19*v + 12*v + c = 0. What are the prime factors of v?
2, 151
Let g(p) = 7*p + 4*p + 4 + 2 + 0. Let i(v) = 11*v + 5. Let h(f) = 6*g(f) - 7*i(f). What are the prime factors of h(-1)?
2, 3
Suppose 11 + 7 = 2*y. List the prime factors of (12/(-8))/(y/(-300)).
2, 5
Let r(j) = j - 25. Let q be r(12). Suppose 40 = -n - 4*n. Let i = n - q. List the prime factors of i.
5
Suppose 6*n = n - 5. What are the prime factors of n + (20/(-4) - -54)?
2, 3
Let i = 3345 - 1805. What are the prime factors of i/(-8)*5/(75/(-12))?
2, 7, 11
What are the prime factors of (-635)/(-4) - (-18)/72?
3, 53
Let m(i) = 32*i - 44. List the prime factors of m(6).
2, 37
Suppose 6*t + 3*t - 1386 = 0. Suppose -8*u - t = -450. List the prime factors of u.
37
Let b(y) = 2 + 5*y - 13 - 6*y. Let q be b(-17). What are the prime factors of (-7 - -11) + q + 0?
2, 5
Let i(w) = w**3 + 13*w**2 - 3. Let k be i(-13). What are the prime factors of 4 - 232/(-7 - k)?
2, 31
Suppose -1090 = -3*l - a, 4*l - 1674 = 2*a - 214. List the prime factors of l.
2, 7, 13
Let s(b) = 10*b + 34. Let y be s(21). Suppose 4*k = t + t - 226, 0 = -2*t - 2*k + y. What are the prime factors of t?
7, 17
Let v be (12/8)/(1/2). Let g = 7 + -10. What are the prime factors of v + g + 8 + -1?
7
Let w = 60 - 64. Let o(a) = a**2 - 4*a. What are the prime factors of o(w)?
2
Let n = -21 + 82. Let x = 122 - n. What are the prime factors of x?
61
Let f(s) = -85*s + 300. What are the prime factors of f(-10)?
2, 5, 23
Suppose 27*s = 9*s + 1476. List the prime factors of s.
2, 41
Suppose 3*u - 234 = 3*b, b = u + 2*b - 74. Suppose -s = -2*w + 7*w - 108, -5*s = -3*w + u. List the prime factors of w.
2, 11
Let m = -2988 - -5510. List the prime factors of m.
2, 13, 97
Suppose 14*w - 725 + 25 = 0. What are the prime factors of w?
2, 5
Suppose 31*x + 813 = 2*s + 30*x, 4*x = 3*s - 1232. List the prime factors of s.
2, 101
Suppose -s = 3*l - 0 - 1, 5*l + 5*s - 5 = 0. Suppose x + 12*x = 26. Suppose 25 = 2*j + 3*q, 4*j + x*q + 0*q - 70 = l. List the prime factors of j.
2, 5
Suppose 0 = 5*z - 33*z + 3724. What are the prime factors of z?
7, 19
Let z(v) = -v. Let n(p) = 31*p - 2. Let d(c) = -n(c) + 2*z(c). Let y be d(-6). Suppose -4*s = -5*q + y, -16 = -2*q - 5*s + 31. What are the prime factors of q?
2, 3
Suppose m + 4 = 2*u, 3*u - m - 3*m = 6. Let h = 32 - u. List the prime factors of h.
2, 3, 5
Let x(r) = r**3 - 4*r**2 - 6*r - 5. Let h be x(5). Let k = 28 + h. What are the prime factors of (-4)/24 + 615/k?
2, 17
List the prime factors of ((-1)/((-4)/3464))/(0 - -2).
433
Let n(o) = o**3 - 4*o**2 - 15*o - 18. What are the prime factors of n(8)?
2, 59
Suppose 3*l + 5*s - 117 = 0, -4*l + 72 + 84 = -5*s. Suppose 0 = 4*o + 4*r - 180, o + 0*o - l = 2*r. List the prime factors of o.
43
Suppose -4*j + 202 = -206. Let y = j - 53. List the prime factors of y.
7
Let c(x) be the second derivative of 5*x**3/6 + 3*x**2/2 + 3*x. What are the prime factors of c(1)?
2
Let m(o) = -o - 232. Let z be m(0). Let h be (-20)/8 - 56/16. List the prime factors of z/(-12) - 4/h.
2, 5
Suppose 0 = 193*q - 192*q - 3. Suppose q*s + 290 - 74 = 3*i, -4*s = 0. List the prime factors of i.
2, 3
Suppose 3*g - g = -8, 4*g + 91 = -5*f. Let s be (24/(-15))/4*f. Let a = 25 - s. List the prime factors of a.
19
Suppose 4*n - 6*y + 2*y + 4 = 0, -2*n + 33 = 5*y. Suppose r = -3*a + 27, -3*r - 2*a = -n*r + 27. What are the prime factors of r?
3
Let m be 75 + (-1 - 4/(-4)). Suppose m*x = 71*x + 256. List the prime factors of x.
2
Let b(r) = 11*r**2 - 6*r + 4*r - 4 - 3*r**2. List the prime factors of b(3).
2, 31
Let i = -201 - -298. Let q = i + -176. Let o = -53 - q. List the prime factors of o.
2, 13
Suppose 0*a = 6*a - 1026. List the prime factors of a.
3, 19
Let l(b) = -5*b**3 - 22*b**2 + 14*b + 20. List the prime factors of l(-8).
2, 5, 53
Let v(a) = -a**3 + 7*a**2 - 3*a + 10. Let h be v(6). Let g = 179 - h. What are the prime factors of g?
151
Suppose 315 = -4*n + 1427. What are the prime factors of n?
2, 139
Suppose -q + 4 = -g, g + 4*q = -g - 2. Let y be ((-99)/g)/1 - 3. Suppose -3*i + y = -12. List the prime factors of i.
2, 7
Let k(h) = 3*h**2 - 9*h + 18. List the prime factors of k(8).
2, 3, 23
What are the prime factors of 2 - (354/(-2) - 0)?
179
Suppose 177 = -2*o - 531. Let d be (-2)/(-5) + o/10. List the prime factors of 88/5 - (-21)/d.
17
Let j(y) = 4 + 0*y + y + 6 + 3. Let s be j(-10). Suppose 4*r + m = 21, 4*m = s*r - m - 10. List the pr